{"id":23,"date":"2020-03-22T11:15:45","date_gmt":"2020-03-22T14:15:45","guid":{"rendered":"http:\/\/gruposaudeintegr1.hospedagemdesites.ws\/site2\/?page_id=23"},"modified":"2020-03-24T10:53:01","modified_gmt":"2020-03-24T13:53:01","slug":"teste-de-pagina-com-video","status":"publish","type":"page","link":"https:\/\/www.gruposaudeintegral.com.br\/site2\/teste-de-pagina-com-video\/","title":{"rendered":"Palestras Youtube &#8211; Dr Wesley Assis"},"content":{"rendered":"\n<p><strong>Tratamento da Depend\u00eancia Qu\u00edmica Eficaz Psiq. Wesley Assis Drogas Amor Exigente Alco\u00f3licos An\u00f4nimos<\/strong><\/p>\n\n\n\n<figure class=\"wp-block-embed-youtube wp-block-embed is-type-video is-provider-youtube wp-embed-aspect-4-3 wp-has-aspect-ratio\"><div class=\"wp-block-embed__wrapper\">\n<iframe loading=\"lazy\" title=\"Tratamento da Depend\u00eancia Qu\u00edmica Eficaz Psiq. Wesley Assis Drogas Amor Exigente Alco\u00f3licos An\u00f4nimos\" width=\"640\" height=\"480\" src=\"https:\/\/www.youtube.com\/embed\/gR4w4KSFJtI?feature=oembed\" frameborder=\"0\" allow=\"accelerometer; autoplay; encrypted-media; gyroscope; picture-in-picture\" allowfullscreen><\/iframe>\n<\/div><\/figure>\n\n\n\n<p><strong>DEPEND\u00caNCIA QU\u00cdMICA Wesley Assis Compuls\u00e3o, Ansiedade e Resili\u00eancia 2-2 Perguntas do P\u00fablico 11 S.DQ<\/strong><\/p>\n\n\n\n<figure class=\"wp-block-embed-youtube wp-block-embed is-type-video is-provider-youtube wp-embed-aspect-16-9 wp-has-aspect-ratio\"><div class=\"wp-block-embed__wrapper\">\n<iframe loading=\"lazy\" title=\"DEPEND\u00caNCIA QU\u00cdMICA Wesley Assis Compuls\u00e3o, Ansiedade e Resili\u00eancia 2-2 Perguntas do P\u00fablico 11 S.DQ\" width=\"640\" height=\"360\" src=\"https:\/\/www.youtube.com\/embed\/AYvDy1JKe9g?feature=oembed\" frameborder=\"0\" allow=\"accelerometer; autoplay; encrypted-media; gyroscope; picture-in-picture\" allowfullscreen><\/iframe>\n<\/div><\/figure>\n\n\n\n<p><strong>7\u00ba Sem. Depend\u00eancia Qu\u00edmica 2\/3 Cuidando de Mim e da Fam\u00edlia &#8211; Wesley Assis &#8211; Comunh\u00e3o<\/strong><\/p>\n\n\n\n<figure class=\"wp-block-embed-youtube wp-block-embed is-type-video is-provider-youtube wp-embed-aspect-4-3 wp-has-aspect-ratio\"><div class=\"wp-block-embed__wrapper\">\n<iframe loading=\"lazy\" title=\"7\u00ba Sem. Depend\u00eancia Qu\u00edmica 2\/3 Cuidando de Mim e da Fam\u00edlia - Wesley Assis - Comunh\u00e3o\" width=\"640\" height=\"480\" src=\"https:\/\/www.youtube.com\/embed\/sD7xzUfIdZU?feature=oembed\" frameborder=\"0\" allow=\"accelerometer; autoplay; encrypted-media; gyroscope; picture-in-picture\" allowfullscreen><\/iframe>\n<\/div><\/figure>\n","protected":false},"excerpt":{"rendered":"<p>Tratamento da Depend\u00eancia Qu\u00edmica Eficaz Psiq. Wesley Assis Drogas Amor Exigente Alco\u00f3licos An\u00f4nimos DEPEND\u00caNCIA QU\u00cdMICA Wesley Assis Compuls\u00e3o, Ansiedade e Resili\u00eancia 2-2 Perguntas do P\u00fablico 11 S.DQ 7\u00ba Sem. Depend\u00eancia Qu\u00edmica 2\/3 Cuidando de Mim e da Fam\u00edlia &#8211; Wesley Assis &#8211; Comunh\u00e3o<\/p>\n","protected":false},"author":1,"featured_media":0,"parent":0,"menu_order":0,"comment_status":"closed","ping_status":"closed","template":"","meta":{"_exactmetrics_skip_tracking":false,"_exactmetrics_sitenote_active":false,"_exactmetrics_sitenote_note":"","_exactmetrics_sitenote_category":0},"_links":{"self":[{"href":"https:\/\/www.gruposaudeintegral.com.br\/site2\/wp-json\/wp\/v2\/pages\/23"}],"collection":[{"href":"https:\/\/www.gruposaudeintegral.com.br\/site2\/wp-json\/wp\/v2\/pages"}],"about":[{"href":"https:\/\/www.gruposaudeintegral.com.br\/site2\/wp-json\/wp\/v2\/types\/page"}],"author":[{"embeddable":true,"href":"https:\/\/www.gruposaudeintegral.com.br\/site2\/wp-json\/wp\/v2\/users\/1"}],"replies":[{"embeddable":true,"href":"https:\/\/www.gruposaudeintegral.com.br\/site2\/wp-json\/wp\/v2\/comments?post=23"}],"version-history":[{"count":4,"href":"https:\/\/www.gruposaudeintegral.com.br\/site2\/wp-json\/wp\/v2\/pages\/23\/revisions"}],"predecessor-version":[{"id":48,"href":"https:\/\/www.gruposaudeintegral.com.br\/site2\/wp-json\/wp\/v2\/pages\/23\/revisions\/48"}],"wp:attachment":[{"href":"https:\/\/www.gruposaudeintegral.com.br\/site2\/wp-json\/wp\/v2\/media?parent=23"}],"curies":[{"name":"wp","href":"https:\/\/api.w.org\/{rel}","templated":true}]}}